29*o. What is the remainder when o is divided by 29?
14
Let r(k) = -15*k - 10. Let f(d) = 11*d - 5. Let n be f(-8). What is the remainder when r(-4) is divided by 8/(-28) - n/7?
11
Let z = -3 + 11. Suppose 0 = -4*y - c + 55, 3*c + 0*c + 3 = 0. Let g(u) = u + 17. Calculate the remainder when g(y) is divided by z.
7
Let t = -17 + 22. What is the remainder when ((-15)/(-6))/(-5)*(-24 + -4) is divided by t?
4
Let j = -1 + 7. Let b(u) = -u**2 - 15*u - 6. Let z be b(-15). Calculate the remainder when (4 + z)*11/(-2) is divided by j.
5
Let o = 46 - 12. Suppose 2*i - 5*v = 0, -6*i + i = -4*v - o. Calculate the remainder when 47 is divided by i.
7
Let k = 22 - 8. Calculate the remainder when 1*55*(-3 + 4) is divided by k.
13
Suppose 5*d + 5 = 35. Calculate the remainder when 44 is divided by -2*1/4 + 75/d.
8
Let a(q) = -q**3 + 14*q**2 - 13*q + 18. Calculate the remainder when (-3 - 166/(-8))/(1/4) is divided by a(13).
17
Suppose -5*b + 5*v + 2350 = 0, 0*b - 1878 = -4*b + 5*v. Calculate the remainder when b is divided by 11.
10
Suppose 2*m = -3*d + 36, -4*d + 5*m - 9*m = -44. Calculate the remainder when 45 is divided by d.
3
Suppose 0 = 4*z - 20, t + z - 6*z = -18. What is the remainder when t is divided by 4?
3
Let z = 6 + -4. Suppose -2*r = z*u + r - 24, -4*r + 22 = 2*u. What is the remainder when 8 - 40/(-1) - 5 is divided by u?
13
Let z(m) = m**2 - 24*m - 7. Calculate the remainder when z(36) is divided by 71.
70
Let g be (-108)/(-16) + 3 + 45/(-12). Suppose 0 = -g*s + 12*s - 714. Calculate the remainder when s is divided by 30.
29
Suppose -4*f - 223 = -311. Calculate the remainder when 306 is divided by f.
20
Let p(v) = -7*v + 6. Let u be 6/36 + 57/(-18). Calculate the remainder when p(u) is divided by 16.
11
Let d(k) = -k**2 - 30*k - 98. Calculate the remainder when 50 is divided by d(-26).
2
What is the remainder when (-2 - (-3 - -16*5))*-3 is divided by 15?
12
What is the remainder when 173 is divided by (-356)/(-14) + (-81)/189?
23
Suppose -2*i + 5*i = 3*c - 174, 3*c = 4*i + 169. What is the remainder when c is divided by 22?
19
Let n(r) = -r**3 - 9*r**2 + 7*r - 8. Suppose -l + 3*u - 6*u = -28, -4*l + 5*u = -163. Calculate the remainder when l is divided by n(-10).
15
Let l be (9/18)/((-3)/198). Let z = 55 + l. Calculate the remainder when z is divided by 6.
4
Let h = 25 - 10. Suppose 3*f + 7 = 28. Let a(k) = k**3 - 5*k**2 - 7*k + 8. Calculate the remainder when a(f) is divided by h.
12
Let t = 611 - 588. What is the remainder when 83 is divided by t?
14
Suppose -4*j = b - 3*j - 3, -2*j = -5*b + 8. Suppose -b = -4*p + 74. What is the remainder when p is divided by (-384)/(-39) + 8/52?
9
What is the remainder when 110 is divided by 647/15 + -6 + 2/(-15)?
36
Suppose 2*w - 66 = -2*h, 0 = -h + w + 66 - 29. Suppose 4 = a - 6. What is the remainder when h is divided by a?
5
Suppose 2*u = 50 - 18. Suppose u + 39 = 5*q. Suppose 458 = 11*c + 117. What is the remainder when c is divided by q?
9
Suppose 0 = -2*v - 52 + 194. Suppose 0 = -l + v - 32. Calculate the remainder when l is divided by 21.
18
Suppose 0 = 5*w - 10, -5*w - 1097 = -z - 2*z. Calculate the remainder when z is divided by 76.
65
Suppose -5*g + 4*u = -34, 4*u - 161 = -2*g - 125. What is the remainder when 1 - (-116)/(2 - 0) is divided by g?
9
Let t(q) = q**3 + 24*q**2 - 25*q + 9. Let i = 64 - 11. Let x = i - 36. Calculate the remainder when x is divided by t(-25).
8
Let d(n) = n**2 - n + 1. Let g be d(4). Let z(s) = s - 5. Let q be z(g). Calculate the remainder when 29 is divided by (-60)/9*(-12)/q.
9
Let y(g) = 9*g**2 - 15*g + 23. Calculate the remainder when y(7) is divided by 33.
29
Suppose s + 181 = -x, -21 = -4*s - 3*x - 745. Let k = s - -264. Calculate the remainder when k is divided by 21.
20
Let c(q) = -3*q + 2. Suppose w = -4*j + 114, 72 = -j - 2*w + 97. What is the remainder when j is divided by c(-2)?
5
What is the remainder when (1639 - (-3 - -7))*(-1)/(-3) is divided by 78?
77
Let a = -169 + 189. What is the remainder when 35 is divided by a?
15
Suppose -3*u = -2*l - 416, -2*l + 556 = 4*u - 6*l. Calculate the remainder when u is divided by 49.
40
Let f(c) = 242*c**2 - c. Let j be f(-1). Suppose -5*v - l + 162 = -3*v, 3*v + 3*l - j = 0. Calculate the remainder when v is divided by 28.
25
What is the remainder when 8 - 9/(27/(-723)) is divided by 25?
24
Let k = -3 - -18. Suppose 2*t = 3*p + 68, -4*t + 403 = 2*p + 299. Calculate the remainder when t is divided by k.
13
Let s(l) = l**3 - 14*l**2 + 18*l - 12. Let u(p) = -p**2 - 16*p - 15. Let d be u(-14). What is the remainder when s(d) is divided by 9?
8
Suppose 8*s - 3*s = 15. Suppose -s*p = -38 - 4. Calculate the remainder when p is divided by 5.
4
Suppose 43*d + 4 = 41*d. Let b(y) = -2*y**3 + 2*y + 6. What is the remainder when 33 is divided by b(d)?
15
Let x(g) = g**2 + 26*g + 15. Calculate the remainder when -11*(0 + 8/(-4)) is divided by x(-26).
7
Let z(u) be the third derivative of 1/15*u**5 - 1/3*u**3 - 4*u**2 - 1/60*u**6 + 0 + 0*u + 1/12*u**4. What is the remainder when z(-2) is divided by 7?
5
Suppose 16*y - 323 = -3. What is the remainder when 75 is divided by y?
15
Let j(z) = z**3 - 12*z**2 - 13*z - 3. Let m be j(13). Let o(n) = -2*n**3 + 7*n - 1. Calculate the remainder when o(m) is divided by 5.
2
Let g(f) = f**2 + f - 4. What is the remainder when 99 - (-2 - -5 - 4) is divided by g(5)?
22
Let c(y) = y**3 + 15*y**2 + 22*y - 48. Suppose 3*j = -4*z + 5*z + 9, 0 = -2*z + 5*j - 14. What is the remainder when c(-13) is divided by z?
1
Let c(a) = 100*a**2 + 1. Let u be c(1). Suppose 0 = 7*b - u + 10. Calculate the remainder when 20 is divided by b.
7
Let f = 2743 + -2739. Suppose -2*j + 4*r - 5 = 1, -5*j = -3*r - 20. What is the remainder when j is divided by f?
3
Suppose r - 2*i - 16 = -3*r, 0 = -3*r - 2*i + 5. Suppose -r*g + 20 = 2*g. Suppose -g*y + 84 = -0*y. Calculate the remainder when 62 is divided by y.
20
Suppose 3*t = -3*l - l + 199, -2*t - 243 = -5*l. Suppose -5*c - 15 = 0, 0 = 5*s + 4*c - 76 - 2. Calculate the remainder when l is divided by s.
13
Let a = 625 - 507. What is the remainder when a is divided by 33?
19
Suppose 2*m - 2*q + 13 - 91 = 0, 2*q - 94 = -2*m. Calculate the remainder when 342 is divided by m.
41
Let w be -2 - 0 - (3 - 16). Suppose 0 = z + 5, -20 = -u + 3*z + w. Suppose -v + 0*v + 108 = 4*d, d = 2*v + 18. Calculate the remainder when d is divided by u.
10
Suppose -6*u = -5*o - 2*u + 1595, u + 964 = 3*o. What is the remainder when o is divided by 13?
11
Suppose -4*f - 64 = f + 4*r, 3*f - 4*r = -32. What is the remainder when (91 - -1) + 1/((-6)/f) is divided by 24?
22
Calculate the remainder when 148 is divided by 1*(-355)/(-45) - 1/(-9).
4
Suppose -4*h + 996 = 5*v + 362, 2*h + v = 320. Calculate the remainder when h is divided by 28.
21
Let i be 52/(-14) + 4 - 150/(-14). Suppose 3*h + 35 = 4*h - 3*p, -h + i = 3*p. Calculate the remainder when 43 is divided by h.
20
Let l(m) = -m**3 + 5*m**2 + 13*m - 33. Let h(n) = -31*n + 2. What is the remainder when h(-1) is divided by l(6)?
6
Suppose 3*y - 56 = -y. Let n be (-102)/(1 - (2 + 1)). Suppose -z - 3*i + n = -8*i, -203 = -5*z - i. Calculate the remainder when z is divided by y.
13
Let z = -374 + 541. Let o = z - 140. What is the remainder when 97 is divided by o?
16
Suppose -i + 3*g = -60, 3*i - 70 - 130 = 4*g. What is the remainder when 136 is divided by i?
64
Let u = -7 + 34. Calculate the remainder when 291/(-485) - (-403)/5 is divided by u.
26
Let u = 559 + -535. Calculate the remainder when u is divided by 16.
8
Let g = 6 - -4. Let v = g + -1. What is the remainder when 14 is divided by v?
5
Suppose 5*a + 80 = 5*k, 3*k + 17 = -5*a + 97. Calculate the remainder when k is divided by 7.
6
Let q be 2/8 - 1/4. Suppose -x + 0*x = q. Suppose 2*h - 3 - 69 = x. What is the remainder when h is divided by 10?
6
Calculate the remainder when -1185*(-5 + (-12)/(-9) + 3) is divided by 13.
10
Suppose 8*j - 924 = -14*j. Calculate the remainder when 92 is divided by j.
8
Calculate the remainder when 160 is divided by -1 + 39 + (-2 - (10 - 17)).
31
Let d(u) = -5*u + 9. Let c(k) = k**3 + 6*k**2 + 2*k - 4. Let w be c(-5). Suppose -w*v + 63 = -8*v. Calculate the remainder when d(-6) is divided by v.
18
Suppose 11*j - 93 = 8*j. Let t = 3 + j. Let h(s) = 66*s*